
2, 3, 5
Let g = 4 + 429. What are the prime factors of g?
433
Let r(u) = -u**2 - 4*u. Let p be r(-3). Suppose p*w + 189 - 56 = m, 2*m + w - 301 = 0. List the prime factors of m.
2, 37
Let c = -822 - -2148. List the prime factors of c.
2, 3, 13, 17
Let b(w) = 17*w + 37. What are the prime factors of b(43)?
2, 3
Let s(u) = -u + 5. Let p be s(1). Suppose 2*h - 228 = z - 0, -p*h + 450 = -5*z. List the prime factors of h.
5, 23
Let m(l) be the first derivative of -5*l**2 + l + 4. Let c be m(-4). Suppose -4*u = -2*u + 5*s - 25, -c = -3*u - 4*s. List the prime factors of u.
3, 5
Let n(t) = -t**3 - 3*t**2 + 9. Let m(p) = 2*p**3 + 7*p**2 + p - 18. Let u(v) = 4*m(v) + 7*n(v). What are the prime factors of u(-5)?
3, 7
Let k = -2395 + 4122. Suppose 7*x = -4*x + k. List the prime factors of x.
157
Let b(j) = 6*j**2 + 11*j - 51. What are the prime factors of b(-9)?
2, 3, 7
Suppose 2*h - 3 - 5 = 0. Let f(v) = 7*v + 6. Let g(q) = 8*q + 7. Let p(i) = 7*f(i) - 6*g(i). List the prime factors of p(h).
2
Let h(f) = f - 4. Let t be h(-11). Let v be (6/(-2))/(1/(-10)). Let q = v + t. What are the prime factors of q?
3, 5
Let g(r) = 2*r**2 - 4*r + 2. Let b be g(3). Suppose 3*u = -b*u + 165. What are the prime factors of u?
3, 5
Let g(s) = -s**2 + 7*s + 6. Let o be g(6). Let x = o - 6. Suppose -x*n + 69 = -3*n. What are the prime factors of n?
23
Let r be (-111 - -11)/(-2 - 0). Let b = 149 - r. What are the prime factors of b?
3, 11
Suppose -d = -4*s - 69, 2*s = d + 4*d - 399. Let w = d - 46. Let r = 86 - w. What are the prime factors of r?
3, 17
Let g(k) = k**2 + 3*k + 3. Let l be g(-3). Suppose -l*t + 79 = -65. What are the prime factors of t?
2, 3
Let t(f) = -f**2 + 28*f + 2. List the prime factors of t(28).
2
What are the prime factors of (-808)/101 + 75/1?
67
Let q = 1685 - 1097. List the prime factors of q.
2, 3, 7
Let p be 2 - 1 - 44/2. Let v(x) = -x**3 - 3*x**2 + 8*x + 39. Let q be v(-5). List the prime factors of p/q - (-38)/7.
5
Let i(y) = -y**3 + 12*y**2 - 7*y - 1. Let t be i(10). Suppose 130*q = t*q + 36. List the prime factors of q.
2, 3
Let g be (18 + 2)*(-3)/6 - -4. List the prime factors of -5 + (-27)/g*14.
2, 29
Let l = 1281 + 3341. List the prime factors of l.
2, 2311
Let a(u) = u**3 - 11*u**2 + u + 1. Suppose 0 = 5*x - 0*x - 55. Let d be a(x). What are the prime factors of 208/6 + d/(-18)?
2, 17
Let t(n) be the third derivative of -n**5/5 - n**3/6 + n**2. Let h be t(1). What are the prime factors of (14 + h)/(1/59)?
59
Let z = -167 - -235. Let i = z - 29. Suppose -g + i = 2*g. What are the prime factors of g?
13
What are the prime factors of (1 - 8)*(-260)/20?
7, 13
Let j be (10/(-4))/((-10)/20). Suppose j*q - 359 = 171. Suppose -2*w - 2*s + q = 2*w, 4*w - 5*s - 99 = 0. List the prime factors of w.
2, 13
Let l = 50 - 46. What are the prime factors of (l - (-4 - -6))*24?
2, 3
What are the prime factors of -2 + (7 - 9) + 1*641?
7, 13
Let q = 313 + 110. What are the prime factors of q?
3, 47
Let m = 2 - 2. Suppose 2*x - 189 = u - 29, m = -x + 3*u + 90. List the prime factors of x.
2, 3, 13
Suppose 0 = -g + 5*g - 120. Let b = -17 + g. List the prime factors of b.
13
Let j(s) = 6*s + 0*s**2 - s + 2*s + s**2 - 10. Let g be j(-8). List the prime factors of -1 - (1 + g - 10).
2, 5
Let l = 35 + 89. What are the prime factors of (l + -4)/1 - -3?
3, 41
Let i = 34 + -31. Suppose -2*c - 4*l + i*l + 117 = 0, c - l = 57. Let z = -19 + c. What are the prime factors of z?
3, 13
Suppose 6*g = 451 - 103. Suppose -f + 169 = -5*p, f + 2*p - g = 104. List the prime factors of f.
2, 41
List the prime factors of (56/24 - 1)/((-1)/(-6)).
2
Let o = -6 - -14. Let x(k) = k**3 - 5*k**2 + 5*k - 31. What are the prime factors of x(o)?
3, 67
Suppose 3*a - 27*v - 4519 = -22*v, 5*a = 3*v + 7505. What are the prime factors of a?
2, 7, 107
Let r(p) = p**2 - 3*p - 34. What are the prime factors of r(-7)?
2, 3
Let o = 1145 - 61. What are the prime factors of o?
2, 271
Let o(c) = -236*c - 24. List the prime factors of o(-2).
2, 7
Suppose 898 - 3420 = -2*r. What are the prime factors of r?
13, 97
Let n be (-32)/(-6)*(-51)/2. What are the prime factors of ((-2)/4)/(-1*(-2)/n)?
2, 17
Let a(i) = i**3 + 14*i**2 + 17*i - 12. Let t be a(-12). What are the prime factors of 67/3 + t/(-54)?
3, 7
Let q(g) be the third derivative of -35*g**4/24 - 5*g**3/2 - g**2. What are the prime factors of q(-4)?
5
Suppose 0 = -4*y - 3*f - 94, -3*y - 39 = 4*f + 35. Let l = y + 45. What are the prime factors of l?
23
Let i = -93 + 102. Suppose -h + 51 = -n, -h + 45 = -i*n + 14*n. What are the prime factors of h?
2, 5
Let m(x) = -143*x**3 - x**2 - x - 1. Let j be m(-1). Let w = -94 + j. What are the prime factors of w?
2, 3
Let o(h) = 64*h**3 - 4*h**2 - 5*h + 7. List the prime factors of o(4).
4019
Let z = 9000 - 6008. What are the prime factors of z?
2, 11, 17
Suppose -22*z - 12 = -28*z. Suppose w - 2*x = -z*w + 952, -5*x - 653 = -2*w. List the prime factors of w.
2, 157
Let f be 1/4 - 525/(-60). Suppose 0 = -4*h + f*h - 65. What are the prime factors of h?
13
Suppose -8 = -2*j - 6*j. Suppose -4*h = 16, -7 - j = -m - 4*h. What are the prime factors of m?
2, 3
Let a = -69 + 72. Suppose -a*r - 143 = -k - 10, -133 = -k - 5*r. List the prime factors of k.
7, 19
Suppose 0 = h - 2*t - 1027, 3*t = -11 + 5. Suppose 0 = -4*k - 59 + h. List the prime factors of k.
241
Suppose -4*k + 4*r = -3196, 2*k = -k - 2*r + 2417. What are the prime factors of k?
11, 73
Let y(m) be the first derivative of 20*m**3/3 + 3*m**2 + 6*m - 36. List the prime factors of y(-1).
2, 5
Let j = 4 - 8. Let w be 5 - j*(3 - 4). Suppose -g = -w - 5. What are the prime factors of g?
2, 3
Suppose -3*i - 3*h + 0*h = -3, 32 = -4*i + 5*h. Let m(c) = 5*c - 10 + 0*c**2 + 14 + 3*c**2. What are the prime factors of m(i)?
2
Let b = -64 + 583. What are the prime factors of b?
3, 173
Suppose -5*o - 13 = -118. Suppose o*a - 22*a + 91 = 0. What are the prime factors of a?
7, 13
Let w(u) = -u**2 - 5*u - 5. Let c be w(-6). Suppose 20*t - 122 = 138. Let k = c + t. List the prime factors of k.
2
Let l = 3 + -12. Let g = 93 + l. Suppose -4*s - g + 304 = 0. What are the prime factors of s?
5, 11
Suppose -w = -4*g - 10 - 7, -19 = 3*w + 2*g. Let a be (-3)/(4 + w) + 6. What are the prime factors of 1/a - (-2338)/42?
2, 7
Let o = -3 + 3. Suppose -3*c - 3 + 12 = o. List the prime factors of c.
3
Suppose -300 = -0*u - 4*u. Suppose -4*j + 117 = -u. List the prime factors of j.
2, 3
Let h be 2 + -5 + 1 - -31. Suppose 0 = -3*i + 16 + h. What are the prime factors of i?
3, 5
Let d(n) = 4*n**3 - 7*n**2 - 5*n + 2. Let x(p) = -p**3 + 14*p**2 + 15*p + 4. Let w be x(15). What are the prime factors of d(w)?
2, 3, 7
Let z be ((-6)/10)/(4/(-20)*1). List the prime factors of (-227 - z)/(-5) + -4.
2, 3, 7
Let l be 76/5 - (36/(-20) + 1). List the prime factors of ((l/(-6))/(-8))/((-2)/(-492)).
2, 41
Let y(c) = -c**3 + 17*c**2 + 2*c + 26. List the prime factors of y(7).
2, 5, 53
Suppose 5*p = -53 - 27. What are the prime factors of (-1 + -28)/(p/3 - -5)?
3, 29
Let g(j) = j**3 + 11*j**2 + 12*j + 11. Let k be g(-8). Let a(t) = -8*t - 18. Let r be a(6). Let i = r + k. List the prime factors of i.
41
Let y(j) = 36*j**3 - j + 1. Let k = 5 + -2. Suppose -d + 1 + 0 = c, -2*d = k*c - 3. What are the prime factors of y(c)?
2, 3
Let o = -35 - -185. Suppose -3*p + 204 = -0*p + 4*s, 2*s + o = 2*p. Suppose -5*h = 2*i - 25, -5*i + 5*h + p = -8. List the prime factors of i.
3, 5
What are the prime factors of (288/135)/16 + 12356/30?
2, 103
Let n be 20/6*(-27)/(-18). Suppose -4*s - 711 = -n*f, f + 2*s - 144 = s. What are the prime factors of f?
11, 13
Let l(f) = f**3 + 7*f**2 + 8*f + 8. Let h be l(-6). Let n(b) = -3*b**3 - 5*b**2 + 4*b. List the prime factors of n(h).
2, 3
Suppose 0 = 6*c - c - 10. List the prime factors of (-7 + 5)*(-53)/c.
53
Suppose 2955 = 5*i + 3*v, 4*i - 762 - 1605 = -3*v. List the prime factors of i.
2, 3, 7
Let t(i) = i**3 + 3*i**2 + 4*i + 7. Let a be t(-2). List the prime factors of 9*(a - (-24)/(-9)) - -47.
2, 5
Let d(z) = -20*z - 5. Let o(f) = 2*f + 3. Let l(j) = j - 1. Let g(u) = 10*l(u) + 5*o(u). Let c(a) = -3*d(a) - 2*g(a). What are the prime factors of c(2)?
3, 5
What are the prime factors of (-806)/(24/4 - 8)?
13, 31
Suppose 9*y - 3557 = 538. What are the prime factors of y